culate the greatest common divisor of j and 5.
5
Suppose 4*a - 179 = -3*i + 2*i, -50 = -a + 5*i. Let c be (-4)/((-12)/9) + 19 + -4. Calculate the highest common divisor of a and c.
9
Suppose 2*i = -9 - 1, -3*m + 202 = -2*i. Calculate the greatest common divisor of m and 16.
16
Suppose 2*f = 4*u + 42, -3*u + f - 41 = u. Let d be 10/(-2 - 21/u). Calculate the greatest common factor of 40 and d.
20
Suppose -w = -2*z - 2, 3*w - 4*w = -3*z - 1. Calculate the highest common divisor of 4 and z.
1
Let c = -243 - -396. Suppose c = 2*p - 45. Calculate the highest common factor of 11 and p.
11
Suppose 124 - 179 = -5*w. Let i = -519 + 885. Let c = i - 245. What is the greatest common divisor of c and w?
11
Let z(b) = 3*b**2 - b. Let r be z(2). Suppose -a = -2*k - r, 5*k + 4 = 2*a - 3*a. Suppose -1 - 89 = -3*t. What is the highest common divisor of a and t?
6
Let q be (4 + -5)/((-2)/14). Suppose -1 - q = -w. Calculate the highest common factor of 56 and w.
8
Let c(x) = -55*x + 1. Let j be c(-1). Calculate the highest common divisor of j and 28.
28
Let z(m) = 7*m - 4. Let d be z(3). Let y = d + -7. Let v(b) = -21*b - 1. Let u be v(-1). What is the greatest common divisor of y and u?
10
Let c be 86/6 + (-2)/6. Let a be (-2)/3 + 68/12. Suppose 4*o = a*n - 22, 5*n - 2*n + 5*o = -9. Calculate the greatest common factor of n and c.
2
Let s = -20 - -22. Let d be s/(3/3) + 9. What is the greatest common factor of d and 121?
11
Suppose 4*g = 2*f - 22, -2*g = g + 9. Suppose -5*m - f*o + 8 = -62, 0 = 3*m + 5*o - 36. Calculate the highest common factor of 119 and m.
17
Let g be (40/(-12))/(2/(-3)). Suppose 0 = s - u - 3*u - 119, 3*s - 322 = g*u. What is the greatest common factor of 11 and s?
11
Suppose 0 = -5*i - 2*r - 2*r + 68, -4*i - 3*r + 54 = 0. Let v = 77 + -47. Calculate the highest common divisor of i and v.
6
Let m be (-7834)/(-18) + (-12)/54. Suppose 5*f + 3*q - m = 0, -4*q - 20 = -0*q. What is the greatest common factor of f and 18?
18
Let u = 86 + -85. Calculate the highest common divisor of u and 5.
1
Let j = 708 + -436. What is the greatest common factor of 16 and j?
16
Let k = -17 + 40. Calculate the greatest common divisor of 184 and k.
23
Suppose -i - q = 59, 0 = 5*i - 5*q + 251 + 34. Let l = i - -118. What is the greatest common divisor of l and 20?
20
Let r(x) = -x + 14. Let o be r(9). Suppose -o*u = 4*l - 31, l + 29 = 4*u - 0*l. Calculate the greatest common divisor of 28 and u.
7
Let h = -13 - -17. Let m be (-2)/4 + 386/h. What is the greatest common factor of m and 24?
24
Let l = 7 + 4. What is the greatest common divisor of 44 and l?
11
Suppose 5*m = -l + 1427, -4*m = l + 4*l - 1129. Let p = m + -200. Let o = p - 56. What is the highest common divisor of 6 and o?
6
Suppose -22 = -5*n + 18. Let f be n/(-6)*30/(-4). Calculate the highest common divisor of f and 110.
10
Let o be (1 - 1/2)*0. Suppose -3*m = -o*m - b - 36, 4*b = 0. What is the highest common factor of m and 120?
12
Let f(j) be the first derivative of -j**4/4 + 3*j**3 - 5*j**2/2 - 4*j + 4. Let q be f(8). Calculate the greatest common factor of 180 and q.
20
Suppose 0 = 5*z + 450 - 1385. Let r(h) = h + 4. Let o be r(-3). Let c be ((-119)/14)/(o/(-2)). Calculate the greatest common divisor of c and z.
17
Let n(b) = b**2 + 9*b - 9. Let t be n(-10). What is the highest common factor of t and 9?
1
Let o(f) = -f**3 - 7*f**2 - 6*f + 3. Let u be o(-6). Suppose -172 = -5*t + 4*y, 3*t - y - 108 = u*y. What is the greatest common divisor of 8 and t?
8
Suppose 45 = -3*v + 6*v. What is the greatest common divisor of 60 and v?
15
Let c = -6 - -4. Let x(u) = 4*u**2 + 4*u + 2. Let g be x(c). What is the highest common divisor of g and 40?
10
Suppose 0 = -3*y + 1 - 7, 3*y = -5*v + 754. What is the highest common factor of v and 19?
19
Suppose 4*y + 4*p = 3 + 1, 2 = -y - 4*p. Suppose -s = -3, -3 = -y*l - 2*s + 9. Let q be (-192)/(-40)*10/l. What is the greatest common divisor of q and 16?
16
Let h = 59 - 56. Let w = 12 + 0. What is the highest common divisor of h and w?
3
Let u be ((-48)/5)/(-2)*50/15. What is the highest common divisor of u and 2?
2
Suppose -1 = -4*t + 99. Let a = t + -15. Let w(x) = 3*x**2 + 8*x - 5. Let c be w(5). What is the greatest common factor of c and a?
10
Suppose o + 5 = -5*i - 1, -3*o = 4*i - 4. Suppose o*q = -3*b + 114, -6*b + b = -4*q - 190. What is the highest common divisor of b and 57?
19
Let v(f) = 2*f**3 - f**2 + 1. Let z be v(-1). Let j be (-63)/6*z/1. Calculate the greatest common divisor of 14 and j.
7
Let j(v) = v**2 - v. Let d(h) = -7*h - 2*h**2 + h - 1 - 12 - 3*h. Let k(b) = -d(b) - 3*j(b). Let n be k(11). What is the highest common factor of n and 16?
8
Let r = 61 - 31. What is the highest common divisor of 6 and r?
6
Suppose -4*q + 16 = 0, 4*k + 3*q = 5*q + 20. Suppose -4*y = -0*y - 16. Suppose y = -3*m + k. What is the greatest common factor of m and 11?
1
Suppose 0 = 202*p - 197*p - 150. What is the greatest common divisor of p and 240?
30
Let r be (-1)/(-4) - 110/(-40). Let h be 1 - ((-240)/r - 0). Let f = 1 - -8. What is the highest common factor of h and f?
9
Let j be 92/1*12/3. Suppose -o = 3*o - j. Suppose -k + 86 = 4*s + 2*k, -2*k + 42 = 2*s. Calculate the greatest common factor of s and o.
23
Suppose 14 = -3*w - 4*r, 5*w - 4*r = -2*r + 20. Suppose -5*g + 87 = -w*g - 3*k, -5*g = 3*k - 177. Calculate the greatest common divisor of 3 and g.
3
Let n = -4 - 6. Let f be n/5 - (0 - 5). Suppose 4*j - j = 72. Calculate the greatest common divisor of j and f.
3
Let y = -12 - -18. Let f be (-4 - 0)*1/(-8)*84. What is the greatest common divisor of f and y?
6
Suppose 3*q - 54 = -12. What is the highest common divisor of 98 and q?
14
Suppose 4*j - 4*k + 8 = 0, 2*j = 5*j + 4*k - 29. Suppose -j*u = -2*u + 42. Let n = 12 - u. Calculate the highest common divisor of n and 18.
18
Let q = 0 + 2. Suppose 140 = 2*v - j, 4*j + 56 = q*v - v. Calculate the highest common factor of 8 and v.
8
Let p = -217 + 316. Calculate the highest common divisor of 9 and p.
9
Let k = 16 - -3. Suppose j - 2*b + k = 0, -b = 5*j + 4*b + 35. Let a = 71 + j. What is the highest common factor of a and 12?
12
Let j(y) = 9*y - 7. Let g(h) = 8*h - 6. Let s(v) = 4*g(v) - 3*j(v). Let u be s(2). Let c = 27 - 13. Calculate the highest common factor of c and u.
7
Suppose 2*t + 0*t = 0. Suppose t = -u - 0 + 22. Let r be 38 - 2 - (3 + 0). What is the highest common factor of u and r?
11
Let g(w) = -w**3 + 8*w**2 + 11*w - 6. Let r be ((-2)/6)/(3/(-81)). Let t be g(r). What is the greatest common factor of 108 and t?
12
Let q = 1 - -2. Suppose -g - 6 = -q*g. Suppose h + 3*k = 10, g*k = k. Calculate the greatest common factor of 15 and h.
5
Let f be 4 + (1 - 1) + -1. Let p = -4 - -10. Calculate the greatest common factor of f and p.
3
Let y be (1 - (-58)/10)/(17/85). Calculate the greatest common divisor of y and 51.
17
Suppose 7*b = -2*b + 108. What is the highest common divisor of 12 and b?
12
Let i = -29 + 57. What is the greatest common factor of 2 and i?
2
Let u be ((-15)/(-2))/(3 - 123/42). What is the greatest common divisor of u and 15?
15
Let v = 24 - 23. Calculate the highest common divisor of 1 and v.
1
Suppose -2*n + 32 = 4*o, 9 = 2*o + 4*n - 1. Let t = o - 1. What is the greatest common factor of 8 and t?
8
Let m be 3608/(-33) + 4/3. Let p be 18/m + 337/6. What is the highest common factor of 14 and p?
14
Let d be 2/(24/(-69))*-4 + 0. What is the highest common factor of d and 115?
23
Let n be (-6)/9 + (-1644)/(-36). What is the greatest common factor of n and 36?
9
Suppose 2*y + 65 = l, 5*l - 3*y = -161 + 486. What is the greatest common factor of 26 and l?
13
Let l be ((-8)/12)/(4/(-66)). Calculate the highest common divisor of l and 77.
11
Let r be (-1)/((-4)/20 - 2/(-15)). Let u = 258 - 138. Calculate the highest common factor of r and u.
15
Let o(q) = q + 15. Suppose -3*z = -2*n - 17, 8 = -n - 2*z + 3*z. Let a be o(n). Calculate the greatest common factor of a and 72.
8
Let i = -4 + 8. Suppose 0*y = -i*y - 48. Let h be (8/(-3))/(1/y). What is the greatest common divisor of h and 8?
8
Let x(b) = 3 + 1 + 4*b - 1. Let q be x(8). Suppose 0 + 42 = 3*c. What is the greatest common factor of c and q?
7
Let k(h) = 2*h**2 + 4*h + 2. Let d = -22 + 17. Let s be k(d). Calculate the highest common